of 112?
False
Is 70 a factor of 479367359?
False
Does 219 divide 62719629?
True
Is 385034750 a multiple of 87?
False
Is 454748250 a multiple of 1411?
False
Does 139 divide 20861616?
False
Is 71924228 a multiple of 668?
True
Does 1086 divide 281649916?
False
Does 11 divide 1645365?
False
Is 59584473 a multiple of 29?
True
Is 134774986 a multiple of 434?
False
Is 191 a factor of 479334672?
False
Does 16 divide 41855695?
False
Is 251524980 a multiple of 21?
True
Does 57 divide 113206902?
True
Is 20 a factor of 1002900420?
True
Does 7 divide 9287206?
False
Is 13497752 a multiple of 2?
True
Does 169 divide 24007633?
True
Does 242 divide 15834786?
True
Is 1562243732 a multiple of 14?
True
Does 5008 divide 20193929?
False
Is 1087199352 a multiple of 13?
False
Does 770 divide 79681960?
False
Does 107 divide 915385?
True
Is 167118640 a multiple of 43?
True
Is 69 a factor of 19733400?
False
Is 79 a factor of 58219396?
False
Is 203 a factor of 352152525?
False
Is 2985960 a multiple of 501?
True
Is 14 a factor of 237199284?
True
Is 178 a factor of 6000736?
True
Does 11 divide 53213600?
True
Is 341626781 a multiple of 1049?
True
Does 4788 divide 326304914?
False
Is 194359258 a multiple of 36?
False
Does 1439 divide 344977226?
True
Does 154 divide 30407527?
False
Is 771626470 a multiple of 10?
True
Is 2623304096 a multiple of 16?
True
Does 3235 divide 903860850?
False
Does 131 divide 5018818806?
False
Does 4 divide 395833?
False
Is 766139545 a multiple of 1572?
False
Is 92 a factor of 581699?
False
Does 280 divide 29789200?
True
Is 4 a factor of 627200?
True
Is 498 a factor of 246936288?
True
Is 15566308 a multiple of 17?
False
Is 94 a factor of 107961256?
True
Does 853 divide 37016788?
True
Is 57 a factor of 9821271?
True
Does 64 divide 249399484?
False
Is 30 a factor of 625632450?
True
Is 572 a factor of 295702337?
False
Is 31605545 a multiple of 8?
False
Is 10975809 a multiple of 9?
False
Does 74 divide 149329608?
False
Does 33 divide 615506?
False
Is 5200 a factor of 367617059?
False
Is 1956 a factor of 15775179?
False
Is 4451 a factor of 1216418241?
True
Is 139 a factor of 6184512?
False
Does 26 divide 1617816960?
False
Is 2240 a factor of 161128955?
False
Is 30 a factor of 207566563?
False
Does 4 divide 22744915?
False
Is 74241 a multiple of 339?
True
Does 273 divide 2132186?
False
Does 26 divide 590929334?
False
Is 13 a factor of 246331965?
False
Does 206 divide 14803366?
True
Does 23 divide 960781116?
True
Does 257 divide 86480138?
False
Does 228 divide 387737290?
False
Is 3 a factor of 8467230?
True
Is 2102590350 a multiple of 11438?
True
Does 145 divide 4949575?
True
Does 1194 divide 12272507?
False
Is 154 a factor of 981188362?
True
Is 2459186 a multiple of 17?
True
Does 133 divide 58774629?
False
Is 189730469 a multiple of 19?
False
Is 306 a factor of 74217852?
True
Does 9 divide 33492091?
False
Does 2 divide 3690624?
True
Is 22 a factor of 368486668?
True
Is 12 a factor of 832572990?
False
Is 52 a factor of 14620372?
True
Is 1722600 a multiple of 60?
True
Does 12 divide 1360173480?
True
Does 147 divide 13913153?
False
Is 354770718 a multiple of 1513?
False
Is 55118246 a multiple of 75?
False
Is 335 a factor of 65330360?
True
Is 45 a factor of 1565742555?
True
Is 496260406 a multiple of 499?
False
Is 52347117 a multiple of 2813?
True
Is 10391017 a multiple of 1157?
True
Does 17 divide 149094845?
True
Is 74848233 a multiple of 3?
True
Is 98561256 a multiple of 393?
True
Does 258 divide 17723052?
True
Is 3179 a factor of 107666372?
True
Is 142 a factor of 125659208?
True
Is 217891297 a multiple of 16?
False
Is 72528978 a multiple of 316?
False
Is 60665540 a multiple of 211?
False
Does 1029 divide 978754759?
False
Is 29 a factor of 81062250?
True
Is 6714 a factor of 2482588782?
True
Does 540 divide 292477619?
False
Is 129868407 a multiple of 323?
False
Does 13 divide 174019264?
False
Is 2861 a factor of 70595175?
True
Is 6 a factor of 57264863?
False
Is 10 a factor of 34329730?
True
Does 280 divide 94919620?
False
Is 112901822 a multiple of 115?
False
Is 52587445 a multiple of 20?
False
Does 21 divide 7343322?
True
Does 305 divide 18164885?
True
Is 318 a factor of 8642638?
False
Is 59 a factor of 2219156852?
True
Does 17 divide 2476888848?
True
Is 138 a factor of 26726123?
False
Is 23 a factor of 572906931?
True
Is 1984 a factor of 97698112?
True
Does 101 divide 26742053?
False
Is 22 a factor of 3099446?
False
Does 1724 divide 672461603?
False
Is 34 a factor of 220517710?
True
Does 322 divide 2850153?
False
Is 68 a factor of 3034530600?
True
Is 4366934067 a multiple of 399?
False
Is 43341377 a multiple of 153?
False
Does 18 divide 22041274?
False
Is 137 a factor of 373810939?
True
Does 34 divide 522945930?
False
Is 23 a factor of 396895505?
False
Does 416 divide 44294990?
False
Does 9 divide 367326522?
True
Does 9783 divide 5365467292?
False
Is 16 a factor of 275490752?
True
Does 1850 divide 66274400?
True
Is 43 a factor of 1247387?
True
Is 1205753077 a multiple of 8883?
False
Is 296885294 a multiple of 16?
False
Is 8397 a factor of 1086462639?
True
Is 12609360 a multiple of 609?
False
Is 11 a factor of 84502165?
True
Does 46 divide 803485542?
True
Does 63 divide 3804445260?
True
Is 181217568 a multiple of 372?
True
Is 231 a factor of 71149386?
True
Is 37572628 a multiple of 338?
False
Is 91428512 a multiple of 1100?
False
Does 1899 divide 1483379163?
True
Is 471182910 a multiple of 89?
True
Is 11138974 a multiple of 49?
True
Is 6 a factor of 1944313?
False
Is 353676459 a multiple of 3301?
False
Is 4392643 a multiple of 25?
False
Is 233090045 a multiple of 791?
False
Is 1001395389 a multiple of 84?
False
Is 47917572 a multiple of 1467?
False
Does 785 divide 896937617?
False
Is 32183062 a multiple of 116?
False
Is 2169930457 a multiple of 27?
False
Is 73 a factor of 1678175246?
True
Does 9 divide 235259307?
True
Is 4219622055 a multiple of 15?
True
Does 12 divide 15677640?
True
Is 28495551 a multiple of 161?
True
Does 32 divide 237222222?
False
Is 5643889 a multiple of 302?
False
Is 2649320872 a multiple of 184?
True
Does 30 divide 1054682806?
False
Does 102 divide 174789546?
True
Does 137 divide 220134066?
True
Is 1219123356 a multiple of 11?
True
Does 537 divide 56646504?
False
Does 219 divide 3786948?
True
Does 2591 divide 446434482?
True
Is 271369352 a multiple of 2683?
True
Does 11 divide 7578747?
True
Is 100360 a multiple of 965?
True
Does 13 divide 5644197?
True
Is 2826647054 a multiple of 5159?
True
Is 882 a factor of 10758636?
True
Is 65663976 a multiple of 71?
False
Does 36 divide 38445754?
False
Does 441 divide 45472905?
False
Is 1699208448 a multiple of 12?
True
Is 58695789 a multiple of 39?
False
Does 95 divide 166180451?
False
Does 9 divide 101045700?
True
Is 51940604 a multiple of 76?
True
Is 7 a factor of 8532475?
True
Does 3205 divide 145155246?
False
Is 69 a factor of 34403753?
False
Is 1891756892 a multiple of 314?
False
Does 16 divide 576609232?
True
Is 6724720 a multiple of 80?
True
Is 17 a factor of 2129773581?
False
Does 803 divide 1100913?
True
Is 331 a factor of 651009682?
False
Is 817 a factor of 104429435?
False
Does 59 divide 17497335?
True
Is 1603 a factor of 24147592?
True
Does 33 divide 51871585?
False
Is 91843700 a multiple of 31?
True
Is 170922181 a multiple of 948?
False
Is 757 a factor of 494291477?
True
Is 129633330 a multiple of 34?
True
Is 182 a factor of 211292215?
False
Is 7 a factor of 24602011?
True
Is 35034951 a multiple of 49?
True
Is 2814161269 a multiple of 364?
False
Does 53 divide 2504727?
True
Is 98 a factor of 266076174?
True
Is 144 a factor of 46280016?
True
Is 19949499 a multiple of 103?
False
Is 71259728 a multiple of 76?
True
Is 150 a factor of 56781329?
False
Does 1186 divide 116284928?
True
Does 14 divide 1538782658?
True
Is 27849745 a multiple of 385?
True
Is 64 a factor of 18638528?
True
Is 1360972158 a multiple of 329?
False
Is 8 a factor of 142011407?
False
Is 29219582 a multiple of 98?
True
Does 3320 divide 13226834?
False
Is 211 a factor of 223112378?
False
Does 93 divide 536511039?
False
Is 202697346 a multiple of 6?
True
Is 482 a factor of 246690169?
False
Is 253486590 a multiple of 329?
False
Does 110 divide 131802812?
False
Does 103 divide 233135945?
False
Is 28 a factor of 46354